iple of 6?
False
Is 1488 a multiple of 62?
True
Does 116 divide 2444?
False
Is 1824 a multiple of 32?
True
Does 45 divide 5023?
False
Does 21 divide 1065?
False
Is 156 a multiple of 26?
True
Is 31 a factor of 3423?
False
Is 82 a multiple of 44?
False
Is 35 a multiple of 6?
False
Does 82 divide 82?
True
Is 10 a factor of 90?
True
Is 71 a multiple of 3?
False
Does 4 divide 485?
False
Is 391 a multiple of 41?
False
Does 21 divide 1777?
False
Is 84 a factor of 2856?
True
Is 36 a factor of 1152?
True
Is 1514 even?
True
Does 167 divide 51055?
False
Is 22 a factor of 1139?
False
Is 860 a multiple of 43?
True
Is 3099 a multiple of 12?
False
Is 1216 a multiple of 64?
True
Is 877 a multiple of 9?
False
Does 40 divide 2880?
True
Is 10361 a multiple of 194?
False
Is 14 a factor of 168?
True
Is 2794 a multiple of 127?
True
Is 18 a factor of 787?
False
Is 6 a factor of 1860?
True
Is 7 a factor of 77?
True
Is 4572 a multiple of 18?
True
Is 16 a factor of 173?
False
Does 33 divide 726?
True
Is 17 a factor of 2346?
True
Does 27 divide 853?
False
Does 11 divide 671?
True
Is 21 a factor of 184?
False
Does 15 divide 645?
True
Is 3 a factor of 3801?
True
Is 7312 a multiple of 123?
False
Is 966 a multiple of 23?
True
Is 6 a factor of 14780?
False
Does 51 divide 29392?
False
Is 1158 a multiple of 37?
False
Is 598 a multiple of 26?
True
Is 13 a factor of 22435?
False
Is 12 a factor of 1980?
True
Does 2 divide 4600?
True
Does 54 divide 162?
True
Does 60 divide 7200?
True
Is 10 a factor of 930?
True
Is 7 a factor of 40530?
True
Is 3077 a multiple of 4?
False
Is 47 a factor of 360?
False
Does 43 divide 731?
True
Is 63 a multiple of 16?
False
Does 21 divide 462?
True
Is 8 a factor of 47808?
True
Does 25 divide 3304?
False
Is 10 a factor of 2925?
False
Is 85225 a multiple of 487?
True
Is 9 a factor of 11250?
True
Does 12 divide 20158?
False
Is 8 a factor of 19339?
False
Does 4 divide 599?
False
Is 3642 a multiple of 3?
True
Is 36662 a multiple of 46?
True
Does 16 divide 13736?
False
Is 14 a factor of 42126?
True
Is 5 a factor of 235?
True
Is 6 a factor of 7571?
False
Is 37 a factor of 7736?
False
Is 3 a factor of 187?
False
Is 6765 a multiple of 11?
True
Is 11 a factor of 14403?
False
Is 30 a factor of 1117?
False
Is 31 a factor of 868?
True
Is 3441 a multiple of 111?
True
Is 803 a multiple of 37?
False
Does 7 divide 1853?
False
Is 3787 a multiple of 89?
False
Does 9 divide 746?
False
Does 161 divide 28819?
True
Is 15 a factor of 3360?
True
Is 1393 a multiple of 7?
True
Is 177 a factor of 7753?
False
Does 109 divide 4033?
True
Does 10 divide 40974?
False
Does 11 divide 542?
False
Is 81 a factor of 2106?
True
Is 2566 a multiple of 13?
False
Is 1292 a multiple of 19?
True
Does 22 divide 22?
True
Does 43 divide 6278?
True
Is 6 a factor of 72?
True
Is 19 a multiple of 2?
False
Does 10 divide 1146?
False
Is 19262 a multiple of 103?
False
Is 93 a factor of 7863?
False
Does 98 divide 6468?
True
Is 157 a factor of 66725?
True
Is 10 a factor of 5071?
False
Is 8 a factor of 158?
False
Is 75 a factor of 4500?
True
Is 114 a factor of 2964?
True
Does 42 divide 13608?
True
Is 19 a factor of 636?
False
Is 2061 a multiple of 9?
True
Does 15 divide 982?
False
Does 4 divide 6983?
False
Does 38 divide 418?
True
Does 23 divide 16124?
False
Does 13 divide 702?
True
Is 79373 a multiple of 119?
True
Is 28 a factor of 29563?
False
Is 31 a factor of 682?
True
Does 176 divide 10208?
True
Does 261 divide 61074?
True
Does 48 divide 109?
False
Does 83 divide 113?
False
Does 11 divide 2629?
True
Does 26 divide 3422?
False
Is 28 a factor of 4795?
False
Is 11 a factor of 2228?
False
Is 1776 a multiple of 16?
True
Does 37 divide 2778?
False
Is 5817 a multiple of 21?
True
Does 2 divide 101?
False
Is 7 a factor of 753?
False
Is 148 a multiple of 8?
False
Does 8 divide 552?
True
Is 49 a factor of 841?
False
Does 22 divide 1012?
True
Is 3041 a multiple of 17?
False
Is 7514 a multiple of 221?
True
Does 36 divide 5746?
False
Is 5969 a multiple of 9?
False
Is 212 a multiple of 4?
True
Is 41 a factor of 36288?
False
Does 9 divide 13122?
True
Is 760 a multiple of 40?
True
Is 4608 a multiple of 32?
True
Is 2286 a multiple of 18?
True
Does 25 divide 1529?
False
Is 4620 a multiple of 110?
True
Does 16 divide 17200?
True
Does 5 divide 2710?
True
Is 14 a factor of 4088?
True
Is 642 a multiple of 47?
False
Does 22 divide 695?
False
Does 28 divide 3527?
False
Does 32 divide 72224?
True
Is 26164 a multiple of 192?
False
Is 7 a factor of 392?
True
Does 9 divide 1107?
True
Is 80 a factor of 400?
True
Is 15708 a multiple of 14?
True
Does 17 divide 134606?
True
Is 4194 a multiple of 6?
True
Does 12 divide 55020?
True
Does 42 divide 5385?
False
Does 39 divide 6006?
True
Is 1177 a multiple of 2?
False
Is 3 a factor of 862?
False
Is 248 a multiple of 23?
False
Is 15 a factor of 1377?
False
Does 94 divide 20427?
False
Is 9 a factor of 13302?
True
Is 15 a factor of 1213?
False
Is 5293 a multiple of 99?
False
Is 52 a factor of 5916?
False
Does 100 divide 1959?
False
Is 38 a factor of 19912?
True
Is 1650 a multiple of 23?
False
Does 39 divide 650?
False
Does 40 divide 2160?
True
Is 3451 a multiple of 17?
True
Is 9 a factor of 30442?
False
Is 12502 a multiple of 18?
False
Is 1295 a multiple of 35?
True
Does 35 divide 1651?
False
Is 564 a multiple of 12?
True
Is 19 a factor of 11799?
True
Is 1237 a multiple of 45?
False
Is 10 a factor of 377?
False
Does 38 divide 2025?
False
Is 134 a factor of 23316?
True
Is 21 a factor of 63?
True
Does 53 divide 41112?
False
Is 11 a factor of 5741?
False
Is 6 a factor of 154?
False
Does 51 divide 2645?
False
Does 11 divide 804?
False
Does 7 divide 980?
True
Does 10 divide 1120?
True
Does 59 divide 8057?
False
Is 22890 a multiple of 210?
True
Is 2504 a multiple of 4?
True
Is 98088 a multiple of 244?
True
Does 50 divide 4100?
True
Is 12 a factor of 24432?
True
Does 29 divide 679?
False
Does 158 divide 50244?
True
Does 23 divide 2323?
True
Does 60 divide 1873?
False
Is 28 a factor of 1624?
True
Is 2052 a multiple of 12?
True
Is 66 a factor of 5478?
True
Is 70880 a multiple of 32?
True
Is 25 a factor of 834?
False
Is 1728 a multiple of 32?
True
Does 25 divide 485?
False
Does 169 divide 56953?
True
Is 7 a factor of 1786?
False
Is 1520 a multiple of 40?
True
Is 197 a factor of 788?
True
Is 2794 a multiple of 22?
True
Is 14670 a multiple of 6?
True
Is 1581 a multiple of 17?
True
Does 23 divide 63273?
True
Is 136 a factor of 5168?
True
Is 5166 a multiple of 14?
True
Is 9 a factor of 1008?
True
Is 38 a factor of 15146?
False
Is 1007 a multiple of 32?
False
Does 28 divide 1792?
True
Is 21 a factor of 696?
False
Is 45 a multiple of 45?
True
Does 22 divide 4224?
True
Does 13 divide 3133?
True
Is 11646 a multiple of 10?
False
Is 49 a factor of 833?
True
Is 27 a factor of 540?
True
Does 21 divide 357?
True
Is 57 a factor of 6540?
False
Is 33207 a multiple of 323?
False
Does 33 divide 1958?
False
Is 40 a factor of 100?
False
Does 60 divide 142440?
True
Does 37 divide 920?
False
Is 3 a factor of 75?
True
Is 8922 a multiple of 13?
False
Is 4 a factor of 268?
True
Is 19467 a multiple of 7?
True
Does 31 divide 221?
False
Is 729 a multiple of 81?
True
Is 13 a factor of 4745?
True
Is 126 a factor of 9640?
False
Is 20 a factor of 10920?
True
Is 32 a factor of 10496?
True
Does 9 divide 106?
False
Does 18 divide 1321?
False
Does 32 divide 992?
True
Is 3 a factor of 6018?
True
Does 100 divide 3284?
False
Is 3 a factor of 2976?
True
Is 21 a factor of 551?
False
Is 2 a factor of 4450?
True
Is 23 a factor of 6072?
True
Is 9281 a multiple of 5?
False
Is 12 a factor of 5331?
False
Does 5 divide 156?
False
Is 33 a factor of 20427?
True
Does 12 divide 2563?
False
Is 70 a factor of 31858?
False
Is 11 a factor of 12452?
True
Is 46 a factor of 1222?
False
Is 8 a factor of 112?
True
Does 9 divide 3159?
True
Is 105564 a multiple of 38?
True
Is 18 a factor of 918?
True
Is 107694 a multiple of 38?
False
Is 45 a factor of 1530?
True
Is 57 a factor of 2679?
True
Does 82 divide 984?
True
Does 46 divide 1058?
True
Does 39 divide 1400?
False
Is 1088 a multiple of 54?
False
Does 6 divide 4524?
True
Is 55 a factor of 118405?
False
Is 3 a factor of 81?
True
Is 148 a multiple of 75?
False
Is 26 a factor of 72131?
False
Is 100380 a multiple o